{"id":1002,"date":"2020-03-18T20:43:04","date_gmt":"2020-03-18T18:43:04","guid":{"rendered":"https:\/\/alakeiteleenpursiseura.fi\/akps_wp\/?page_id=1002"},"modified":"2026-01-05T17:47:11","modified_gmt":"2026-01-05T15:47:11","slug":"vierailijoille","status":"publish","type":"page","link":"https:\/\/alakeiteleenpursiseura.fi\/akps_wp\/vierailijoille\/","title":{"rendered":"Vierailijoille"},"content":{"rendered":"<p>Kaikki Keiteleen ja P\u00e4ij\u00e4nteen pursiseuran lipun alla seilaavat alukset ovat miehist\u00f6ineen tervetulleita vierailemaan tukikohdissamme.<\/p>\n<p>T\u00e4st\u00e4 <a href=\"https:\/\/alakeiteleenpursiseura.fi\/akps_wp\/page\/\">linkist\u00e4<\/a> tukikohtien esittelyyn.<\/p>\n<p class=\"p2\"><span class=\"s1\"><span class=\"Apple-converted-space\">\u00a0<\/span><\/span>Muun pursiseuran lipun alla oleva vene on oikeutettu:<span class=\"Apple-converted-space\">\u00a0<\/span><\/p>\n<p class=\"p2\">&#8211; Vierailemaan tukikohdassa. Venekunta maksaa <b>vierasmaksun, <\/b>jos y\u00f6pyy tukikohdassa tai k\u00e4ytt\u00e4\u00e4 saunaa.<span class=\"Apple-converted-space\">\u00a0<\/span><\/p>\n<p class=\"p2\">Maksut vahvistetaan vuosittain pursiseuran vuosikokouksessa. Maja- ja vierasmaksuilla katetaan tukikohtien yll\u00e4pitoa.<span class=\"Apple-converted-space\"> Vuonna 2026 vahvistettu on 15\u20ac \/ venekunta.<\/span><\/p>\n<p>Maksu suoritetaan MOBILEPAY:ll\u00e4<\/p>\n<p><a href=\"https:\/\/alakeiteleenpursiseura.fi\/akps_wp\/wp-content\/uploads\/2026\/01\/A4-juliste_Ala-KeiteleenPursiseurary24167-1.pdf\">A4-juliste_Ala-KeiteleenPursiseurary#24167 (1)<\/a><\/p>\n<p>&nbsp;<\/p>\n","protected":false},"excerpt":{"rendered":"<p>Kaikki Keiteleen ja P\u00e4ij\u00e4nteen pursiseuran lipun alla seilaavat alukset ovat miehist\u00f6ineen tervetulleita vierailemaan tukikohdissamme. T\u00e4st\u00e4 linkist\u00e4 tukikohtien esittelyyn. \u00a0Muun pursiseuran lipun alla oleva vene on oikeutettu:\u00a0 &#8211; Vierailemaan tukikohdassa. Venekunta maksaa vierasmaksun, jos y\u00f6pyy tukikohdassa tai k\u00e4ytt\u00e4\u00e4 saunaa.\u00a0 Maksut vahvistetaan vuosittain pursiseuran vuosikokouksessa. Maja- ja vierasmaksuilla katetaan tukikohtien yll\u00e4pitoa. Vuonna 2026 vahvistettu on 15\u20ac \/ &#8230; <a title=\"Vierailijoille\" class=\"read-more\" href=\"https:\/\/alakeiteleenpursiseura.fi\/akps_wp\/vierailijoille\/\" aria-label=\"Lue lis\u00e4\u00e4 aiheesta Vierailijoille\">Lue lis\u00e4\u00e4<\/a><\/p>\n","protected":false},"author":1,"featured_media":0,"parent":0,"menu_order":0,"comment_status":"closed","ping_status":"closed","template":"","meta":{"footnotes":""},"class_list":["post-1002","page","type-page","status-publish"],"_links":{"self":[{"href":"https:\/\/alakeiteleenpursiseura.fi\/akps_wp\/wp-json\/wp\/v2\/pages\/1002","targetHints":{"allow":["GET"]}}],"collection":[{"href":"https:\/\/alakeiteleenpursiseura.fi\/akps_wp\/wp-json\/wp\/v2\/pages"}],"about":[{"href":"https:\/\/alakeiteleenpursiseura.fi\/akps_wp\/wp-json\/wp\/v2\/types\/page"}],"author":[{"embeddable":true,"href":"https:\/\/alakeiteleenpursiseura.fi\/akps_wp\/wp-json\/wp\/v2\/users\/1"}],"replies":[{"embeddable":true,"href":"https:\/\/alakeiteleenpursiseura.fi\/akps_wp\/wp-json\/wp\/v2\/comments?post=1002"}],"version-history":[{"count":4,"href":"https:\/\/alakeiteleenpursiseura.fi\/akps_wp\/wp-json\/wp\/v2\/pages\/1002\/revisions"}],"predecessor-version":[{"id":1565,"href":"https:\/\/alakeiteleenpursiseura.fi\/akps_wp\/wp-json\/wp\/v2\/pages\/1002\/revisions\/1565"}],"wp:attachment":[{"href":"https:\/\/alakeiteleenpursiseura.fi\/akps_wp\/wp-json\/wp\/v2\/media?parent=1002"}],"curies":[{"name":"wp","href":"https:\/\/api.w.org\/{rel}","templated":true}]}}