{"id":166,"date":"2017-11-11T19:47:57","date_gmt":"2017-11-11T19:47:57","guid":{"rendered":"https:\/\/lumbardo.wordpress.com\/?page_id=166"},"modified":"2026-03-15T10:40:31","modified_gmt":"2026-03-15T08:40:31","slug":"regatta-ilmo","status":"publish","type":"page","link":"https:\/\/alakeiteleenpursiseura.fi\/akps_wp\/regatta-ilmo\/","title":{"rendered":"Regatta 2026 ilmoittautuminen"},"content":{"rendered":"<div class=\"wpforms-container wpforms-container-full\" id=\"wpforms-449\"><form id=\"wpforms-form-449\" class=\"wpforms-validate wpforms-form\" data-formid=\"449\" method=\"post\" enctype=\"multipart\/form-data\" action=\"\/akps_wp\/wp-json\/wp\/v2\/pages\/166\" data-token=\"ad379f2e74b1dd878faa75d945f4a89f\" data-token-time=\"1777537591\"><noscript class=\"wpforms-error-noscript\">Please enable JavaScript in your browser to complete this form.<\/noscript><div class=\"wpforms-field-container\"><div id=\"wpforms-449-field_7-container\" class=\"wpforms-field wpforms-field-text\" data-field-id=\"7\"><label class=\"wpforms-field-label\" for=\"wpforms-449-field_7\">Purjenumero <span class=\"wpforms-required-label\">*<\/span><\/label><input type=\"text\" id=\"wpforms-449-field_7\" class=\"wpforms-field-medium wpforms-field-required\" name=\"wpforms[fields][7]\" required><\/div><div id=\"wpforms-449-field_1-container\" class=\"wpforms-field wpforms-field-text\" data-field-id=\"1\"><label class=\"wpforms-field-label\" for=\"wpforms-449-field_1\">Veneen nimi <span class=\"wpforms-required-label\">*<\/span><\/label><input type=\"text\" id=\"wpforms-449-field_1\" class=\"wpforms-field-medium wpforms-field-required\" name=\"wpforms[fields][1]\" required><\/div><div id=\"wpforms-449-field_2-container\" class=\"wpforms-field wpforms-field-text\" data-field-id=\"2\"><label class=\"wpforms-field-label\" for=\"wpforms-449-field_2\">Venetyyppi <span class=\"wpforms-required-label\">*<\/span><\/label><input type=\"text\" id=\"wpforms-449-field_2\" class=\"wpforms-field-medium wpforms-field-required\" name=\"wpforms[fields][2]\" required><\/div><div id=\"wpforms-449-field_8-container\" class=\"wpforms-field wpforms-field-text\" data-field-id=\"8\"><label class=\"wpforms-field-label\" for=\"wpforms-449-field_8\">Luokka (ISO\/KEVYT) <span class=\"wpforms-required-label\">*<\/span><\/label><input type=\"text\" id=\"wpforms-449-field_8\" class=\"wpforms-field-medium wpforms-field-required\" name=\"wpforms[fields][8]\" required><\/div><div id=\"wpforms-449-field_3-container\" class=\"wpforms-field wpforms-field-text\" data-field-id=\"3\"><label class=\"wpforms-field-label\" for=\"wpforms-449-field_3\">Kippari (etu- ja sukunimi) <span class=\"wpforms-required-label\">*<\/span><\/label><input type=\"text\" id=\"wpforms-449-field_3\" class=\"wpforms-field-medium wpforms-field-required\" name=\"wpforms[fields][3]\" required><\/div><div id=\"wpforms-449-field_4-container\" class=\"wpforms-field wpforms-field-textarea\" data-field-id=\"4\"><label class=\"wpforms-field-label\" for=\"wpforms-449-field_4\">Miehist\u00f6 (etu- ja sukunimi) <span class=\"wpforms-required-label\">*<\/span><\/label><textarea id=\"wpforms-449-field_4\" class=\"wpforms-field-medium wpforms-field-required\" name=\"wpforms[fields][4]\" required><\/textarea><\/div><div id=\"wpforms-449-field_5-container\" class=\"wpforms-field wpforms-field-text\" data-field-id=\"5\"><label class=\"wpforms-field-label\" for=\"wpforms-449-field_5\">LYS <span class=\"wpforms-required-label\">*<\/span><\/label><input type=\"text\" id=\"wpforms-449-field_5\" class=\"wpforms-field-medium wpforms-field-required\" name=\"wpforms[fields][5]\" required><\/div><div id=\"wpforms-449-field_12-container\" class=\"wpforms-field wpforms-field-text\" data-field-id=\"12\"><label class=\"wpforms-field-label\" for=\"wpforms-449-field_12\">Seura <span class=\"wpforms-required-label\">*<\/span><\/label><input type=\"text\" id=\"wpforms-449-field_12\" class=\"wpforms-field-medium wpforms-field-required\" name=\"wpforms[fields][12]\" required><\/div><div id=\"wpforms-449-field_6-container\" class=\"wpforms-field wpforms-field-checkbox\" data-field-id=\"6\"><label class=\"wpforms-field-label\">Yll\u00e4olevat tiedot saa julkaista ilmoittautumis- ja tuloslistoissa. Tietoja k\u00e4ytet\u00e4\u00e4n Regatan tulospalveluun. Tiedot julkistetaan ja taltioidaan AKPS:n nettisivuilla <span class=\"wpforms-required-label\">*<\/span><\/label><ul id=\"wpforms-449-field_6\" class=\"wpforms-field-required\"><li class=\"choice-1 depth-1\"><input type=\"checkbox\" id=\"wpforms-449-field_6_1\" name=\"wpforms[fields][6][]\" value=\"Kyll\u00e4\" required ><label class=\"wpforms-field-label-inline\" for=\"wpforms-449-field_6_1\">Kyll\u00e4<\/label><\/li><li class=\"choice-4 depth-1\"><input type=\"checkbox\" id=\"wpforms-449-field_6_4\" name=\"wpforms[fields][6][]\" value=\"Ei\" required ><label class=\"wpforms-field-label-inline\" for=\"wpforms-449-field_6_4\">Ei<\/label><\/li><\/ul><\/div><div id=\"wpforms-449-field_10-container\" class=\"wpforms-field wpforms-field-text\" data-field-id=\"10\"><label class=\"wpforms-field-label\" for=\"wpforms-449-field_10\">Kipparin puhelinnumero <span class=\"wpforms-required-label\">*<\/span><\/label><input type=\"text\" id=\"wpforms-449-field_10\" class=\"wpforms-field-medium wpforms-field-required\" name=\"wpforms[fields][10]\" required><\/div><div id=\"wpforms-449-field_9-container\" class=\"wpforms-field wpforms-field-text\" data-field-id=\"9\"><label class=\"wpforms-field-label\" for=\"wpforms-449-field_9\">Kipparin s\u00e4hk\u00f6postiosoite <span class=\"wpforms-required-label\">*<\/span><\/label><input type=\"text\" id=\"wpforms-449-field_9\" class=\"wpforms-field-medium wpforms-field-required\" name=\"wpforms[fields][9]\" required><\/div><div id=\"wpforms-449-field_13-container\" class=\"wpforms-field wpforms-field-text\" data-field-id=\"13\"><label class=\"wpforms-field-label\" for=\"wpforms-449-field_13\">Aamupalojen (Satama lauantai) lukum\u00e4\u00e4r\u00e4 (8\u20ac \/ hl\u00f6). Maksetaan ilmoittautumismaksun yhteydess\u00e4. Laita nolla (0) jos ei tarvetta aamupaloille. <span class=\"wpforms-required-label\">*<\/span><\/label><input type=\"text\" id=\"wpforms-449-field_13\" class=\"wpforms-field-medium wpforms-field-required\" name=\"wpforms[fields][13]\" required><\/div><div id=\"wpforms-449-field_14-container\" class=\"wpforms-field wpforms-field-text\" data-field-id=\"14\"><label class=\"wpforms-field-label\" for=\"wpforms-449-field_14\">Matilanvirran (Jauhelihakeitto) aterioiden lukum\u00e4\u00e4r\u00e4 (10\u20ac \/ hl\u00f6). Maksetaan ilmoittautumismaksun yhteydess\u00e4. Laita nolla (0) jos ei tarvetta aterioille. <span class=\"wpforms-required-label\">*<\/span><\/label><input type=\"text\" id=\"wpforms-449-field_14\" class=\"wpforms-field-medium wpforms-field-required\" name=\"wpforms[fields][14]\" required><\/div><div id=\"wpforms-449-field_16-container\" class=\"wpforms-field wpforms-field-text\" data-field-id=\"16\"><label class=\"wpforms-field-label\" for=\"wpforms-449-field_16\">Lapinniemen (Pyttipannu) aterioiden lukum\u00e4\u00e4r\u00e4 (10\u20ac \/ hl\u00f6). Maksetaan ilmoittautumismaksun yhteydess\u00e4. Laita nolla (0) jos ei tarvetta aterioille. <span class=\"wpforms-required-label\">*<\/span><\/label><input type=\"text\" id=\"wpforms-449-field_16\" class=\"wpforms-field-medium wpforms-field-required\" name=\"wpforms[fields][16]\" required><\/div><div id=\"wpforms-449-field_17-container\" class=\"wpforms-field wpforms-field-text\" data-field-id=\"17\"><label class=\"wpforms-field-label\" for=\"wpforms-449-field_17\">Aamupalojen (Lapinniemi sunnuntai) lukum\u00e4\u00e4r\u00e4 (8\u20ac \/ hl\u00f6). Maksetaan ilmoittautumismaksun yhteydess\u00e4. Laita nolla (0) jos ei tarvetta aterioille. <span class=\"wpforms-required-label\">*<\/span><\/label><input type=\"text\" id=\"wpforms-449-field_17\" class=\"wpforms-field-medium wpforms-field-required\" name=\"wpforms[fields][17]\" required><\/div><div id=\"wpforms-449-field_11-container\" class=\"wpforms-field wpforms-field-checkbox\" data-field-id=\"11\"><label class=\"wpforms-field-label\">Yhteystiedot voidaan tallentaa Regatan j\u00e4lkeen k\u00e4ytett\u00e4v\u00e4ksi Ala-Keiteleen Pursiseuran tiedottamista varten Regattaan osallistuneille. <span class=\"wpforms-required-label\">*<\/span><\/label><ul id=\"wpforms-449-field_11\" class=\"wpforms-field-required\"><li class=\"choice-1 depth-1\"><input type=\"checkbox\" id=\"wpforms-449-field_11_1\" name=\"wpforms[fields][11][]\" value=\"Kyll\u00e4\" required ><label class=\"wpforms-field-label-inline\" for=\"wpforms-449-field_11_1\">Kyll\u00e4<\/label><\/li><li class=\"choice-4 depth-1\"><input type=\"checkbox\" id=\"wpforms-449-field_11_4\" name=\"wpforms[fields][11][]\" value=\"Ei\" required ><label class=\"wpforms-field-label-inline\" for=\"wpforms-449-field_11_4\">Ei<\/label><\/li><\/ul><\/div><\/div><!-- .wpforms-field-container --><div class=\"wpforms-field wpforms-field-hp\"><label for=\"wpforms-449-field-hp\" class=\"wpforms-field-label\">Phone<\/label><input type=\"text\" name=\"wpforms[hp]\" id=\"wpforms-449-field-hp\" class=\"wpforms-field-medium\"><\/div><div class=\"wpforms-submit-container\" ><input type=\"hidden\" name=\"wpforms[id]\" value=\"449\"><input type=\"hidden\" name=\"page_title\" value=\"\"><input type=\"hidden\" name=\"page_url\" value=\"https:\/\/alakeiteleenpursiseura.fi\/akps_wp\/wp-json\/wp\/v2\/pages\/166\"><input type=\"hidden\" name=\"url_referer\" value=\"\"><button type=\"submit\" name=\"wpforms[submit]\" id=\"wpforms-submit-449\" class=\"wpforms-submit\" data-alt-text=\"L\u00e4hetet\u00e4\u00e4n...\" data-submit-text=\"L\u00e4het\u00e4\" aria-live=\"assertive\" value=\"wpforms-submit\">L\u00e4het\u00e4<\/button><\/div><\/form><\/div>  <!-- .wpforms-container -->\n<p>Rekisteriseloste:<\/p>\n<p>Regatan ilmoittautumistiedoissa ker\u00e4tyt tiedot ovat Regatan ajan toimitsijoiden k\u00e4ytett\u00e4viss\u00e4 tuloslaskentaan ja tulospalveluun. Tuloslistat taltioidaan Alakeiteleen Pursiseuran nettisivuille.<\/p>\n<p>Kipparin yhteystietoja k\u00e4ytet\u00e4\u00e4n Regatan tiedottamiseen ja yhteydenpitoon. Erikseen hyv\u00e4ksytyt yhteystiedot tallennetaan Regatta rekisteriin, jolla Alakeiteleen Pursiseura tiedottaa toiminnastaan ja tulevista Regatoista osallistujia. Yhteystietoja ei luovuteta muille osapuolille, eik\u00e4 niit\u00e4 k\u00e4ytet\u00e4 muuhun kuin Ala-Keiteleen Pursiseuran tiedottamiseen.<\/p>\n","protected":false},"excerpt":{"rendered":"<p>Rekisteriseloste: Regatan ilmoittautumistiedoissa ker\u00e4tyt tiedot ovat Regatan ajan toimitsijoiden k\u00e4ytett\u00e4viss\u00e4 tuloslaskentaan ja tulospalveluun. Tuloslistat taltioidaan Alakeiteleen Pursiseuran nettisivuille. Kipparin yhteystietoja k\u00e4ytet\u00e4\u00e4n Regatan tiedottamiseen ja yhteydenpitoon. Erikseen hyv\u00e4ksytyt yhteystiedot tallennetaan Regatta rekisteriin, jolla Alakeiteleen Pursiseura tiedottaa toiminnastaan ja tulevista Regatoista osallistujia. Yhteystietoja ei luovuteta muille osapuolille, eik\u00e4 niit\u00e4 k\u00e4ytet\u00e4 muuhun kuin Ala-Keiteleen Pursiseuran tiedottamiseen.<\/p>\n","protected":false},"author":1,"featured_media":0,"parent":0,"menu_order":0,"comment_status":"closed","ping_status":"closed","template":"","meta":{"footnotes":""},"class_list":["post-166","page","type-page","status-publish"],"_links":{"self":[{"href":"https:\/\/alakeiteleenpursiseura.fi\/akps_wp\/wp-json\/wp\/v2\/pages\/166","targetHints":{"allow":["GET"]}}],"collection":[{"href":"https:\/\/alakeiteleenpursiseura.fi\/akps_wp\/wp-json\/wp\/v2\/pages"}],"about":[{"href":"https:\/\/alakeiteleenpursiseura.fi\/akps_wp\/wp-json\/wp\/v2\/types\/page"}],"author":[{"embeddable":true,"href":"https:\/\/alakeiteleenpursiseura.fi\/akps_wp\/wp-json\/wp\/v2\/users\/1"}],"replies":[{"embeddable":true,"href":"https:\/\/alakeiteleenpursiseura.fi\/akps_wp\/wp-json\/wp\/v2\/comments?post=166"}],"version-history":[{"count":11,"href":"https:\/\/alakeiteleenpursiseura.fi\/akps_wp\/wp-json\/wp\/v2\/pages\/166\/revisions"}],"predecessor-version":[{"id":1579,"href":"https:\/\/alakeiteleenpursiseura.fi\/akps_wp\/wp-json\/wp\/v2\/pages\/166\/revisions\/1579"}],"wp:attachment":[{"href":"https:\/\/alakeiteleenpursiseura.fi\/akps_wp\/wp-json\/wp\/v2\/media?parent=166"}],"curies":[{"name":"wp","href":"https:\/\/api.w.org\/{rel}","templated":true}]}}