{"id":466,"date":"2018-05-08T19:31:38","date_gmt":"2018-05-08T16:31:38","guid":{"rendered":"https:\/\/alakeiteleenpursiseura.fi\/akps_wp\/?page_id=466"},"modified":"2023-02-04T19:45:45","modified_gmt":"2023-02-04T17:45:45","slug":"rekisteriseloste","status":"publish","type":"page","link":"https:\/\/alakeiteleenpursiseura.fi\/akps_wp\/rekisteriseloste\/","title":{"rendered":"Rekisteriseloste"},"content":{"rendered":"<p lang=\"de-DE\"><span style=\"color: #365f91;\"><span style=\"font-family: Cambria, serif;\"><span style=\"font-size: large;\"><b><span lang=\"fi-FI\">REKISTERISELOSTE<\/span><\/b><\/span><\/span><\/span><\/p>\n<p><span style=\"color: #4f81bd;\"><span style=\"font-family: Cambria, serif;\"><span style=\"font-size: medium;\"><b><span lang=\"fi-FI\">Henkil\u00f6tietolain (523\/1999) 10 \u00a7 mukainen rekisteriseloste<\/span><\/b><\/span><\/span><\/span><\/p>\n<ol>\n<li><span style=\"color: #4f81bd;\"><span style=\"font-family: Cambria, serif;\"><span style=\"font-size: medium;\"><b><span lang=\"fi-FI\">Rekisterin nimi<\/span><\/b><\/span><\/span><\/span><\/li>\n<\/ol>\n<p lang=\"de-DE\" style=\"padding-left: 30px;\"><span style=\"color: #000000;\"><span style=\"font-family: Calibri, serif;\"><span style=\"font-size: small;\"><span lang=\"fi-FI\">Ala-Keiteleen Pursiseura ry:n j\u00e4senrekisteri<\/span><\/span><\/span><\/span><\/p>\n<ol start=\"2\">\n<li><span style=\"color: #4f81bd;\"><span style=\"font-family: Cambria, serif;\"><span style=\"font-size: medium;\"><b><span lang=\"fi-FI\">Rekisterinpit\u00e4j\u00e4<\/span><\/b><\/span><\/span><\/span><\/li>\n<\/ol>\n<p lang=\"de-DE\" style=\"padding-left: 30px;\"><span style=\"color: #000000;\"><span style=\"font-family: Calibri, serif;\"><span style=\"font-size: small;\"><span lang=\"fi-FI\">Nimi: Ala-Keiteleen Pursiseura ry<\/span><\/span><\/span><\/span><\/p>\n<p lang=\"de-DE\" style=\"padding-left: 30px;\"><span style=\"color: #000000;\"><span style=\"font-family: Calibri, serif;\"><span style=\"font-size: small;\"><span lang=\"fi-FI\">Verkkosivut:<\/span><u><a href=\"https:\/\/www.alakeiteleenpursiseura.fi\/\"><span lang=\"fi-FI\">www.alakeiteleenpursiseura.fi<\/span><\/a><\/u><\/span><\/span><\/span><\/p>\n<p lang=\"de-DE\" style=\"padding-left: 30px;\"><span style=\"color: #000000;\"><span style=\"font-family: Calibri, serif;\"><span style=\"font-size: small;\"><span lang=\"fi-FI\">Osoite:\u00a0<\/span><\/span><\/span><\/span><\/p>\n<p lang=\"de-DE\" style=\"padding-left: 30px;\"><span style=\"color: #000000;\"><span style=\"font-family: Calibri, serif;\"><span style=\"font-size: small;\"><span lang=\"fi-FI\">Puh.\u00a0<\/span><\/span><\/span><\/span><\/p>\n<p lang=\"de-DE\" style=\"padding-left: 30px;\"><span style=\"color: #000000;\"><span style=\"font-family: Calibri, serif;\"><span style=\"font-size: small;\"><span lang=\"fi-FI\">S\u00e4hk\u00f6posti:<\/span><\/span><\/span><\/span><\/p>\n<ol start=\"3\">\n<li><span style=\"color: #4f81bd;\"><span style=\"font-family: Cambria, serif;\"><span style=\"font-size: medium;\"><b><span lang=\"fi-FI\">Rekisteriasioista vastaava henkil\u00f6<\/span><\/b><\/span><\/span><\/span><\/li>\n<\/ol>\n<p lang=\"de-DE\" style=\"padding-left: 30px;\"><span style=\"color: #000000;\"><span style=\"font-family: Calibri, serif;\"><span style=\"font-size: small;\"><span lang=\"fi-FI\">Nimi: Jani Lumiaro<\/span><\/span><\/span><\/span><\/p>\n<p lang=\"de-DE\" style=\"padding-left: 30px;\"><span style=\"color: #000000;\"><span style=\"font-family: Calibri, serif;\"><span style=\"font-size: small;\"><span lang=\"fi-FI\">Osoite: Hirsitie 14 B 6, 41160 Tikkakoski<\/span><\/span><\/span><\/span><\/p>\n<p lang=\"de-DE\" style=\"padding-left: 30px;\"><span style=\"color: #000000;\"><span style=\"font-family: Calibri, serif;\"><span style=\"font-size: small;\"><span lang=\"fi-FI\">Puh.: 045 633 2792<\/span><\/span><\/span><\/span><\/p>\n<p lang=\"de-DE\" style=\"padding-left: 30px;\"><span style=\"color: #000000;\"><span style=\"font-family: Calibri, serif;\"><span style=\"font-size: small;\"><span lang=\"fi-FI\">S\u00e4hk\u00f6posti: jasenrekisterinhoitaja@alakeiteleenpursiseura.fi<\/span><\/span><\/span><\/span><\/p>\n<ol start=\"4\">\n<li><span style=\"color: #4f81bd;\"><span style=\"font-family: Cambria, serif;\"><span style=\"font-size: medium;\"><b><span lang=\"fi-FI\">Henkil\u00f6tietojen k\u00e4sittelyn tarkoitus \/ Rekisterin k\u00e4ytt\u00f6tarkoitus<\/span><\/b><\/span><\/span><\/span><\/li>\n<\/ol>\n<p lang=\"de-DE\" style=\"padding-left: 30px;\"><span style=\"color: #000000;\"><span style=\"font-family: Calibri, serif;\"><span style=\"font-size: small;\"><span lang=\"fi-FI\">Rekisterin tarkoituksena on ker\u00e4t\u00e4 yhdistyksen j\u00e4senist\u00e4 yhdistyslain (503\/1989) 11 \u00a7:n vaatimat henkil\u00f6tiedot ja muut yhdistyksen toimintaa varten tarpeelliset tiedot. Yhteys- ja j\u00e4senyystietoja ker\u00e4t\u00e4\u00e4n j\u00e4senasioiden hoitamista, tiedotusta ja laskutusta varten. Venetiedot ker\u00e4t\u00e4\u00e4n katsastustilastoja ja venetilastoa varten. Tiedoista voidaan koota tilastoja, joista yksitt\u00e4ist\u00e4 j\u00e4sent\u00e4 ei ole mahdollista tunnistaa.<\/span><\/span><\/span><\/span><\/p>\n<p lang=\"de-DE\" style=\"padding-left: 30px;\"><span style=\"color: #000000;\"><span style=\"font-family: Calibri, serif;\"><span style=\"font-size: small;\"><span lang=\"fi-FI\">J\u00e4senrekisterin tiedot tallennetaan FloMembers j\u00e4senrekisteri sovellukseen<\/span><span lang=\"fi-FI\">. Rekisterin tietoja k\u00e4ytet\u00e4\u00e4n j\u00e4senten yhteydenpitoon ja laskutukseen.<\/span><\/span><\/span><\/span><\/p>\n<ol start=\"5\">\n<li><span style=\"color: #4f81bd;\"><span style=\"font-family: Cambria, serif;\"><span style=\"font-size: medium;\"><b><span lang=\"fi-FI\">Rekisterin tietosis\u00e4lt\u00f6<\/span><\/b><\/span><\/span><\/span><\/li>\n<\/ol>\n<p lang=\"de-DE\" style=\"padding-left: 30px;\"><span style=\"color: #000000;\"><span style=\"font-family: Calibri, serif;\"><span style=\"font-size: small;\"><span lang=\"fi-FI\">Rekisteriin ker\u00e4t\u00e4\u00e4n pakollisina tietoina yhdistyslain (503\/1989) 11 \u00a7:n vaatimat henkil\u00f6tiedot, eli j\u00e4senen t\u00e4ydellinen nimi ja kotipaikka. Lis\u00e4ksi ker\u00e4t\u00e4\u00e4n seuraavat tiedot:<\/span><\/span><\/span><\/span><\/p>\n<ul>\n<li style=\"list-style-type: none;\">\n<ul>\n<li style=\"list-style-type: none;\">\n<ul>\n<li><span style=\"color: #000000;\"><span style=\"font-family: Calibri, serif;\"><span style=\"font-size: small;\"><span lang=\"fi-FI\">postiosoite, puhelin ja s\u00e4hk\u00f6posti<\/span><\/span><\/span><\/span><\/li>\n<li><span style=\"color: #000000;\"><span style=\"font-family: Calibri, serif;\"><span style=\"font-size: small;\"><span lang=\"fi-FI\">j\u00e4sentyyppi, toimenkuva (hallitus ja toimihenkil\u00f6t), j\u00e4sennumero, j\u00e4senyyden alkamisajankohta<\/span><\/span><\/span><\/span><\/li>\n<li><span style=\"color: #000000;\"><span style=\"font-family: Calibri, serif;\"><span style=\"font-size: small;\"><span lang=\"fi-FI\">J\u00e4senmaksutiedot (laskutukset ja maksusuoritukset)<\/span><\/span><\/span><\/span><\/li>\n<li><span style=\"color: #000000;\"><span style=\"font-family: Calibri, serif;\"><span style=\"font-size: small;\"><span lang=\"fi-FI\">Veneen tiedot (rekisterinumero, nimi, merkki, malli, v\u00e4ri)<\/span><\/span><\/span><\/span><\/li>\n<li><span style=\"color: #000000;\"><span style=\"font-family: Calibri, serif;\"><span style=\"font-size: small;\"><span lang=\"fi-FI\">majojen avaimen numero<\/span><\/span><\/span><\/span><\/li>\n<li><span style=\"color: #000000;\"><span style=\"font-family: Calibri, serif;\"><span style=\"font-size: small;\"><span lang=\"fi-FI\">suostumus talkooviesteihin tekstiviestill\u00e4<\/span><\/span><\/span><\/span><\/li>\n<li><span style=\"color: #000000;\"><span style=\"font-family: Calibri, serif;\"><span style=\"font-size: small;\"><span lang=\"fi-FI\">tietojen luovutuskiellot \/ markkinointikiellot<\/span><\/span><\/span><\/span><\/li>\n<\/ul>\n<\/li>\n<\/ul>\n<\/li>\n<\/ul>\n<p lang=\"de-DE\" style=\"padding-left: 30px;\"><span style=\"color: #000000;\"><span style=\"font-family: Calibri, serif;\"><span style=\"font-size: small;\"><span lang=\"fi-FI\">J\u00e4senen<\/span><span lang=\"fi-FI\">erotessa seurasta poistetaan h\u00e4nen kaikki tietonsa rekisterist\u00e4. Seura j\u00e4tt\u00e4\u00e4 j\u00e4senest\u00e4 talteen vain etu- ja sukunimen historiikkia ja tilastointia varten.<\/span><\/span><\/span><\/span><\/p>\n<ol start=\"6\">\n<li><span style=\"color: #4f81bd;\"><span style=\"font-family: Cambria, serif;\"><span style=\"font-size: medium;\"><b><span lang=\"fi-FI\">Rekisterin tietol\u00e4hteet<\/span><\/b><\/span><\/span><\/span><\/li>\n<\/ol>\n<p lang=\"de-DE\" style=\"padding-left: 30px;\"><span style=\"color: #000000;\"><span style=\"font-family: Calibri, serif;\"><span style=\"font-size: small;\"><span lang=\"fi-FI\">J\u00e4senrekisteriin kirjattavat tiedot saadaan j\u00e4senen omalla ilmoituksella tai j\u00e4senyytt\u00e4 hakevan henkil\u00f6n ilmoituksella j\u00e4senhakemuslomakkeen kautta. Veneen tiedot saadaan j\u00e4senen omalla ilmoituksella ja katsastusmenettelyll\u00e4.<\/span><\/span><\/span><\/span><\/p>\n<ol start=\"7\">\n<li><span style=\"color: #4f81bd;\"><span style=\"font-family: Cambria, serif;\"><span style=\"font-size: medium;\"><b><span lang=\"fi-FI\">Tietojen luovuttaminen ja tietojen siirto EU:n tai ETA:n ulkopuolelle<\/span><\/b><\/span><\/span><\/span><\/li>\n<\/ol>\n<p lang=\"de-DE\" style=\"padding-left: 30px;\"><span style=\"color: #000000;\"><span style=\"font-family: Calibri, serif;\"><span style=\"font-size: small;\"><span lang=\"fi-FI\">Rekisteriin tallennettuja tietoja ei s\u00e4\u00e4nn\u00f6nmukaisesti luovuteta yhdistyksen ulkopuolelle, ei my\u00f6sk\u00e4\u00e4n EU-alueen tai ETA:n ulkopuolelle.<\/span><\/span><\/span><\/span><\/p>\n<ol start=\"8\">\n<li><span style=\"color: #4f81bd;\"><span style=\"font-family: Cambria, serif;\"><span style=\"font-size: medium;\"><b><span lang=\"fi-FI\">Rekisterin suojauksen periaatteet<\/span><\/b><\/span><\/span><\/span><\/li>\n<\/ol>\n<p lang=\"de-DE\" style=\"padding-left: 30px;\"><span style=\"color: #000000;\"><span style=\"font-family: Calibri, serif;\"><span style=\"font-size: small;\"><span lang=\"fi-FI\">1) Henkil\u00f6tiedot s\u00e4ilytet\u00e4\u00e4n luottamuksellisina. Paperilla olevat tiedot s\u00e4ilytet\u00e4\u00e4n lukkojen takana, jonne on p\u00e4\u00e4sy vain asianmukaisilla henkil\u00f6ill\u00e4.<\/span><\/span><\/span><\/span><\/p>\n<p lang=\"de-DE\" style=\"padding-left: 30px;\"><span style=\"color: #000000;\"><span style=\"font-family: Calibri, serif;\"><span style=\"font-size: small;\"><span lang=\"fi-FI\">2) S\u00e4hk\u00f6inen j\u00e4senrekisteri sijaitsee valvotussa palvelinkeskuksessa k\u00e4ytt\u00e4j\u00e4tunnuksin suojatulla palvelimella. FloMembers rekisteripalvelun tarjoajana huolehtii tietoturvan s\u00e4ilymisest\u00e4 parhaan kykyns\u00e4 mukaan. J\u00e4senseurojen toimihenkil\u00f6ill\u00e4 on rajatut oikeudet tietoihin ja tietoja k\u00e4sitell\u00e4\u00e4n luottamuksellisina.<\/span><\/span><\/span><\/span><\/p>\n<ol start=\"9\">\n<li><span style=\"color: #4f81bd;\"><span style=\"font-family: Cambria, serif;\"><span style=\"font-size: medium;\"><b><span lang=\"fi-FI\">Tarkastusoikeus<\/span><\/b><\/span><\/span><\/span><\/li>\n<\/ol>\n<p lang=\"de-DE\" style=\"padding-left: 30px;\"><span style=\"color: #000000;\"><span style=\"font-family: Calibri, serif;\"><span style=\"font-size: small;\"><span lang=\"fi-FI\">Rekisteriin merkityll\u00e4 j\u00e4senell\u00e4 on oikeus tarkastaa henkil\u00f6rekisteriin talletetut tietonsa sek\u00e4 pyyt\u00e4\u00e4 rekisterinpit\u00e4j\u00e4\u00e4 korjaamaan virheelliset tietonsa. Tarkastuspyynt\u00f6 on pyydett\u00e4v\u00e4 kirjallisesti asianomaiselta rekisterinpit\u00e4j\u00e4lt\u00e4. <\/span><\/span><\/span><\/span><\/p>\n<p lang=\"de-DE\" style=\"padding-left: 30px;\"><span style=\"color: #000000;\"><span style=\"font-family: Calibri, serif;\"><span style=\"font-size: small;\"><span lang=\"fi-FI\">J\u00e4senrekisteriin on pyynn\u00f6st\u00e4 saatavilla jokaisella rekister\u00f6idyll\u00e4 j\u00e4senell\u00e4 k\u00e4ytt\u00e4j\u00e4tunnukset, joilla p\u00e4\u00e4see tarkastamaan omat tietonsa. Jos j\u00e4sen ei itse kykene tarkistamaan tietojansa, toimitaan yll\u00e4 olevan mukaisesti.<\/span><br \/>\n<\/span><\/span><\/span><\/p>\n<ol start=\"10\">\n<li><span style=\"color: #4f81bd;\"><span style=\"font-family: Cambria, serif;\"><span style=\"font-size: medium;\"><b><span lang=\"fi-FI\">Rekisteritietojen korjaaminen<\/span><\/b><\/span><\/span><\/span><\/li>\n<\/ol>\n<p lang=\"de-DE\" style=\"padding-left: 30px;\"><span style=\"color: #000000;\"><span style=\"font-family: Calibri, serif;\"><span style=\"font-size: small;\"><span lang=\"fi-FI\">Rekisterinpit\u00e4j\u00e4n on ilman aiheetonta viivytyst\u00e4 oma-aloitteisesti tai rekister\u00f6idyn henkil\u00f6n vaatimuksesta oikaistava, poistettava tai t\u00e4ydennett\u00e4v\u00e4 rekisteriss\u00e4 oleva, k\u00e4sittelyn tarkoituksen kannalta virheellinen, tarpeeton, puutteellinen tai vanhentunut henkil\u00f6tieto. <\/span><\/span><\/span><\/span><\/p>\n<p lang=\"de-DE\" style=\"padding-left: 30px;\"><span style=\"color: #000000;\"><span style=\"font-family: Calibri, serif;\"><span style=\"font-size: small;\"><span lang=\"fi-FI\">J\u00e4senen irtisanoutuessa poistamme j\u00e4senen kaikki tiedot pois lukien etu- ja sukunimi.<\/span><\/span><\/span><\/span><\/p>\n<p lang=\"de-DE\">P\u00e4ivitetty 4.2.2023<\/p>\n","protected":false},"excerpt":{"rendered":"<p>REKISTERISELOSTE Henkil\u00f6tietolain (523\/1999) 10 \u00a7 mukainen rekisteriseloste Rekisterin nimi Ala-Keiteleen Pursiseura ry:n j\u00e4senrekisteri Rekisterinpit\u00e4j\u00e4 Nimi: Ala-Keiteleen Pursiseura ry Verkkosivut:www.alakeiteleenpursiseura.fi Osoite:\u00a0 Puh.\u00a0 S\u00e4hk\u00f6posti: Rekisteriasioista vastaava henkil\u00f6 Nimi: Jani Lumiaro Osoite: Hirsitie 14 B 6, 41160 Tikkakoski Puh.: 045 633 2792 S\u00e4hk\u00f6posti: jasenrekisterinhoitaja@alakeiteleenpursiseura.fi Henkil\u00f6tietojen k\u00e4sittelyn tarkoitus \/ Rekisterin k\u00e4ytt\u00f6tarkoitus Rekisterin tarkoituksena on ker\u00e4t\u00e4 yhdistyksen j\u00e4senist\u00e4 yhdistyslain (503\/1989) &#8230; <a title=\"Rekisteriseloste\" class=\"read-more\" href=\"https:\/\/alakeiteleenpursiseura.fi\/akps_wp\/rekisteriseloste\/\" aria-label=\"Lue lis\u00e4\u00e4 aiheesta Rekisteriseloste\">Lue lis\u00e4\u00e4<\/a><\/p>\n","protected":false},"author":1,"featured_media":0,"parent":0,"menu_order":0,"comment_status":"closed","ping_status":"closed","template":"","meta":{"footnotes":""},"class_list":["post-466","page","type-page","status-publish"],"_links":{"self":[{"href":"https:\/\/alakeiteleenpursiseura.fi\/akps_wp\/wp-json\/wp\/v2\/pages\/466","targetHints":{"allow":["GET"]}}],"collection":[{"href":"https:\/\/alakeiteleenpursiseura.fi\/akps_wp\/wp-json\/wp\/v2\/pages"}],"about":[{"href":"https:\/\/alakeiteleenpursiseura.fi\/akps_wp\/wp-json\/wp\/v2\/types\/page"}],"author":[{"embeddable":true,"href":"https:\/\/alakeiteleenpursiseura.fi\/akps_wp\/wp-json\/wp\/v2\/users\/1"}],"replies":[{"embeddable":true,"href":"https:\/\/alakeiteleenpursiseura.fi\/akps_wp\/wp-json\/wp\/v2\/comments?post=466"}],"version-history":[{"count":4,"href":"https:\/\/alakeiteleenpursiseura.fi\/akps_wp\/wp-json\/wp\/v2\/pages\/466\/revisions"}],"predecessor-version":[{"id":1221,"href":"https:\/\/alakeiteleenpursiseura.fi\/akps_wp\/wp-json\/wp\/v2\/pages\/466\/revisions\/1221"}],"wp:attachment":[{"href":"https:\/\/alakeiteleenpursiseura.fi\/akps_wp\/wp-json\/wp\/v2\/media?parent=466"}],"curies":[{"name":"wp","href":"https:\/\/api.w.org\/{rel}","templated":true}]}}