{"id":9,"date":"2017-11-11T16:00:52","date_gmt":"2017-11-11T16:00:52","guid":{"rendered":"https:\/\/lumbardo.wordpress.com\/?page_id=4"},"modified":"2022-02-17T21:06:58","modified_gmt":"2022-02-17T19:06:58","slug":"page","status":"publish","type":"page","link":"https:\/\/alakeiteleenpursiseura.fi\/akps_wp\/page\/","title":{"rendered":"Tukikohdat"},"content":{"rendered":"<p><strong>Ankkuri<\/strong>, Koordinaatit(GPS Carmin 72) 62\u00b042,72&#8217;P 25\u00b052,11&#8217;I<img loading=\"lazy\" decoding=\"async\" id=\"ea0391\" class=\" alignright\" title=\"Ankkuri\" src=\"https:\/\/www.alakeiteleenpursiseura.fi\/cms-assets\/images\/800881.27.jpg\" alt=\"Ankkuri\" width=\"300\" height=\"225\" \/><\/p>\n<p>Ankkurin varustuksiin kuuluu:<\/p>\n<ul>\n<li>Laituri, kiinnityspoijuin varustettuna<\/li>\n<li>Sauna, pesu- ja takkahuone<\/li>\n<li>Uimaranta<\/li>\n<li>Keittokatos jossa takka,hella ja savustusuuni<\/li>\n<li>Lapsille leikkim\u00f6kki, kiipeilytelineet, keinut<\/li>\n<li>Kota ja kaksi nuotiokeh\u00e4\u00e4<\/li>\n<li>WC:t<\/li>\n<li>K\u00e4ytett\u00e4viss\u00e4 soutuvene<\/li>\n<\/ul>\n<p><img loading=\"lazy\" decoding=\"async\" class=\"alignnone size-full wp-image-245\" src=\"https:\/\/alakeiteleenpursiseura.fi\/akps_wp\/wp-content\/uploads\/2017\/11\/651919-ankkuri.jpg\" alt=\"651919.ankkuri.jpg\" width=\"383\" height=\"437\" srcset=\"https:\/\/alakeiteleenpursiseura.fi\/akps_wp\/wp-content\/uploads\/2017\/11\/651919-ankkuri.jpg 383w, https:\/\/alakeiteleenpursiseura.fi\/akps_wp\/wp-content\/uploads\/2017\/11\/651919-ankkuri-263x300.jpg 263w\" sizes=\"auto, (max-width: 383px) 100vw, 383px\" \/><\/p>\n<hr \/>\n<p><strong>Karttu<\/strong>, Koordinaatit(GPS Carmin 72) 62\u00b051,92&#8217;P 25\u00b059,29&#8217;I<img loading=\"lazy\" decoding=\"async\" id=\"ee4d8c\" class=\" alignright\" src=\"https:\/\/www.alakeiteleenpursiseura.fi\/cms-assets\/images\/342152.14.jpg\" alt=\"karttu\" width=\"300\" height=\"399\" \/><\/p>\n<p>Kartun varustuksiin kuuluu:<\/p>\n<ul>\n<li>Laituri, kiinnityspoijuin varustettuna<\/li>\n<li>Sauna ja pukuhuone<\/li>\n<li>Saunakamari keitti\u00f6ineen<\/li>\n<li>Uimaranta<\/li>\n<li>Grillikatos<\/li>\n<li>WC:t<\/li>\n<li>K\u00e4ytett\u00e4viss\u00e4 soutuvene<\/li>\n<\/ul>\n<p>Laiturin molemmilla puolilla on kivi\u00e4. Suuret veneet voivat kiinnitty\u00e4 vain laiturin p\u00e4\u00e4h\u00e4n.<\/p>\n<p><img loading=\"lazy\" decoding=\"async\" class=\"alignnone size-full wp-image-243\" src=\"https:\/\/alakeiteleenpursiseura.fi\/akps_wp\/wp-content\/uploads\/2017\/11\/154247-karttu.jpg\" alt=\"154247.karttu\" width=\"372\" height=\"429\" srcset=\"https:\/\/alakeiteleenpursiseura.fi\/akps_wp\/wp-content\/uploads\/2017\/11\/154247-karttu.jpg 372w, https:\/\/alakeiteleenpursiseura.fi\/akps_wp\/wp-content\/uploads\/2017\/11\/154247-karttu-260x300.jpg 260w\" sizes=\"auto, (max-width: 372px) 100vw, 372px\" \/><\/p>\n<p>Kaikki Keiteleen ja P\u00e4ij\u00e4nteen pursiseuran lipun alla seilaavat alukset ovat miehist\u00f6ineen tervetulleita vierailemaan tukikohdissamme.<\/p>\n<p>T\u00e4st\u00e4 saat tulostettua maksulapun tai voit k\u00e4ytt\u00e4\u00e4 virtuaali viivakoodia alla! Lis\u00e4\u00e4 tarvittaessa maksun saajaksi Ala-Keiteleen Pursiseura<\/p>\n<p><a href=\"https:\/\/alakeiteleenpursiseura.fi\/akps_wp\/wp-content\/uploads\/2020\/03\/Tukikohtie-vierasmaksu.pdf\">Tukikohtien vierasmaksu<\/a><\/p>\n<p><span class=\"fontstyle0\">Virtuaaliviivakoodi verkkopankissa k\u00e4ytett\u00e4v\u00e4ksi:<br \/>\n472554301200236950000100000000000000000000001009000000<\/span><\/p>\n","protected":false},"excerpt":{"rendered":"<p>Ankkuri, Koordinaatit(GPS Carmin 72) 62\u00b042,72&#8217;P 25\u00b052,11&#8217;I Ankkurin varustuksiin kuuluu: Laituri, kiinnityspoijuin varustettuna Sauna, pesu- ja takkahuone Uimaranta Keittokatos jossa takka,hella ja savustusuuni Lapsille leikkim\u00f6kki, kiipeilytelineet, keinut Kota ja kaksi nuotiokeh\u00e4\u00e4 WC:t K\u00e4ytett\u00e4viss\u00e4 soutuvene Karttu, Koordinaatit(GPS Carmin 72) 62\u00b051,92&#8217;P 25\u00b059,29&#8217;I Kartun varustuksiin kuuluu: Laituri, kiinnityspoijuin varustettuna Sauna ja pukuhuone Saunakamari keitti\u00f6ineen Uimaranta Grillikatos WC:t K\u00e4ytett\u00e4viss\u00e4 soutuvene &#8230; <a title=\"Tukikohdat\" class=\"read-more\" href=\"https:\/\/alakeiteleenpursiseura.fi\/akps_wp\/page\/\" aria-label=\"Lue lis\u00e4\u00e4 aiheesta Tukikohdat\">Lue lis\u00e4\u00e4<\/a><\/p>\n","protected":false},"author":1,"featured_media":118,"parent":0,"menu_order":2,"comment_status":"closed","ping_status":"closed","template":"","meta":{"footnotes":""},"class_list":["post-9","page","type-page","status-publish","has-post-thumbnail"],"_links":{"self":[{"href":"https:\/\/alakeiteleenpursiseura.fi\/akps_wp\/wp-json\/wp\/v2\/pages\/9","targetHints":{"allow":["GET"]}}],"collection":[{"href":"https:\/\/alakeiteleenpursiseura.fi\/akps_wp\/wp-json\/wp\/v2\/pages"}],"about":[{"href":"https:\/\/alakeiteleenpursiseura.fi\/akps_wp\/wp-json\/wp\/v2\/types\/page"}],"author":[{"embeddable":true,"href":"https:\/\/alakeiteleenpursiseura.fi\/akps_wp\/wp-json\/wp\/v2\/users\/1"}],"replies":[{"embeddable":true,"href":"https:\/\/alakeiteleenpursiseura.fi\/akps_wp\/wp-json\/wp\/v2\/comments?post=9"}],"version-history":[{"count":2,"href":"https:\/\/alakeiteleenpursiseura.fi\/akps_wp\/wp-json\/wp\/v2\/pages\/9\/revisions"}],"predecessor-version":[{"id":1105,"href":"https:\/\/alakeiteleenpursiseura.fi\/akps_wp\/wp-json\/wp\/v2\/pages\/9\/revisions\/1105"}],"wp:featuredmedia":[{"embeddable":true,"href":"https:\/\/alakeiteleenpursiseura.fi\/akps_wp\/wp-json\/wp\/v2\/media\/118"}],"wp:attachment":[{"href":"https:\/\/alakeiteleenpursiseura.fi\/akps_wp\/wp-json\/wp\/v2\/media?parent=9"}],"curies":[{"name":"wp","href":"https:\/\/api.w.org\/{rel}","templated":true}]}}